{"id":17,"date":"2026-09-01T10:12:19","date_gmt":"2026-09-01T08:12:19","guid":{"rendered":"https:\/\/wp-demo.markusstoeger.com\/product\/wollmantel-camel\/"},"modified":"2026-09-01T10:12:19","modified_gmt":"2026-09-01T08:12:19","slug":"wollmantel-camel","status":"publish","type":"product","link":"https:\/\/wp-demo.markusstoeger.com\/en\/produkt\/wollmantel-camel\/","title":{"rendered":"Wool Coat Camel"},"content":{"rendered":"<p>Zeitloser Wollmantel in Camel. Doppelreihig gekn\u00f6pft, taillierter Schnitt, perfekt f\u00fcr den \u00dcbergang. Made in Europe.<\/p>\n","protected":false},"excerpt":{"rendered":"<p>Wollmantel, tailliert, Made in Europe<\/p>\n","protected":false},"featured_media":18,"comment_status":"open","ping_status":"closed","template":"","meta":[],"product_brand":[],"product_cat":[16],"product_tag":[],"class_list":["post-17","product","type-product","status-publish","has-post-thumbnail","product_cat-damen","first","instock","shipping-taxable","purchasable","product-type-simple"],"_links":{"self":[{"href":"https:\/\/wp-demo.markusstoeger.com\/en\/wp-json\/wp\/v2\/product\/17","targetHints":{"allow":["GET"]}}],"collection":[{"href":"https:\/\/wp-demo.markusstoeger.com\/en\/wp-json\/wp\/v2\/product"}],"about":[{"href":"https:\/\/wp-demo.markusstoeger.com\/en\/wp-json\/wp\/v2\/types\/product"}],"replies":[{"embeddable":true,"href":"https:\/\/wp-demo.markusstoeger.com\/en\/wp-json\/wp\/v2\/comments?post=17"}],"wp:featuredmedia":[{"embeddable":true,"href":"https:\/\/wp-demo.markusstoeger.com\/en\/wp-json\/wp\/v2\/media\/18"}],"wp:attachment":[{"href":"https:\/\/wp-demo.markusstoeger.com\/en\/wp-json\/wp\/v2\/media?parent=17"}],"wp:term":[{"taxonomy":"product_brand","embeddable":true,"href":"https:\/\/wp-demo.markusstoeger.com\/en\/wp-json\/wp\/v2\/product_brand?post=17"},{"taxonomy":"product_cat","embeddable":true,"href":"https:\/\/wp-demo.markusstoeger.com\/en\/wp-json\/wp\/v2\/product_cat?post=17"},{"taxonomy":"product_tag","embeddable":true,"href":"https:\/\/wp-demo.markusstoeger.com\/en\/wp-json\/wp\/v2\/product_tag?post=17"}],"curies":[{"name":"wp","href":"https:\/\/api.w.org\/{rel}","templated":true}]}}

<p>Zeitloser Wollmantel in Camel. Doppelreihig geknöpft, taillierter Schnitt, perfekt für den Übergang. Made in Europe.</p>
